h be r(2). Let a be -20*(-9)/90*4. Calculate the greatest common factor of a and h.
8
Suppose 9*b - 5*h - 629 = 7*b, 933 = 3*b + 3*h. Suppose -166*j + 161*j = -30. What is the highest common factor of b and j?
6
Let b(c) = 16*c + 111. Let k(r) = 49*r + 339. Let z(m) = -11*b(m) + 4*k(m). Let w be z(17). Calculate the greatest common divisor of 19 and w.
19
Suppose 2*d + 13 = 5*z - 0*z, z - 3 = 0. Let x be (3 - 2)/d - -4. Let i = 36 + -1. What is the greatest common factor of x and i?
5
Let j be 1 + -5 - (-4 - 5). Suppose -6*m = j*m - 33. Suppose 0*x = -m*x + 138. What is the highest common factor of x and 69?
23
Let m(p) = -18*p**3 - 4*p - 2. Let r(d) = 37*d**3 - d**2 + 9*d + 5. Let f(o) = 7*m(o) + 3*r(o). Let j be f(-1). What is the highest common factor of 8 and j?
2
Let m be (-8566)/(-9) - 3*(-52)/702. What is the highest common factor of 448 and m?
56
Let q = 61 + 73. Let w(r) = -159*r + 1433. Let l be w(9). What is the greatest common factor of q and l?
2
Suppose -764 = -10*w + 216. Suppose -w + 0 = -7*r. Calculate the greatest common divisor of 182 and r.
14
Let j be (-42)/42 + 8*1. Let i be (-7 + 0)/j - -267. What is the highest common divisor of i and 14?
14
Suppose -6*v = -1489 + 313. Calculate the greatest common divisor of v and 1232.
28
Suppose 0 = -29105*a + 29096*a + 7254. What is the highest common factor of a and 93?
31
Let n(m) = 3*m - m + 49 + 19*m. Suppose 0 = 3*w - 0*w - 15. Let b be n(w). Calculate the greatest common factor of 22 and b.
22
Let n(x) = 7*x**2 + 11*x + 5. Let h be n(5). Let o(v) = 25*v + 19. Let w be o(3). What is the highest common factor of w and h?
47
Let i be -2 - ((-10 + 0)/(-10))/(3/(-2703)). What is the highest common divisor of i and 279?
31
Suppose 4*t - 4*u - 433 = 355, 0 = -t + 3*u + 185. Calculate the highest common factor of t and 14.
7
Let w be 7 + (24/(-5))/(237/(-395)). Suppose 570 = 3*h - h. What is the greatest common factor of w and h?
15
Let j = -25831 - -25911. Calculate the highest common factor of 6420 and j.
20
Let b = 98 - 155. Let f(y) = -9*y + 8. Let v be f(-6). Let l = b + v. What is the highest common factor of l and 1?
1
Let n = 80 + -45. Let u be -171*(((-58)/(-6) - 5) + -5). Let h be u/4 + 0 - 3/12. Calculate the highest common factor of h and n.
7
Let r be -1 - (-6 - 1 - -4) - -166. Suppose -167*o = -r*o + 13. Calculate the highest common factor of o and 39.
13
Let s(f) = f**2 - 61*f + 1231. Let r be s(35). Calculate the highest common factor of r and 1712.
107
Let a be (-4)/6*(-6)/2. Suppose a*j - 3 = 3. Suppose 2*l + j*x = 7*x + 56, -l - 3*x = -43. What is the greatest common divisor of l and 51?
17
Suppose 5*l = p - 91, -4*l - 1 = -p + 91. Calculate the greatest common divisor of 84 and p.
12
Let i(o) = 5*o**2 - 144*o - 133. Let t be i(39). Calculate the greatest common divisor of t and 58.
58
Suppose 0 = 29*m - 1036 - 820. Let x be 96 + (-2 - (-6 - -4)). Calculate the greatest common factor of x and m.
32
Let u(h) = -h**3 - 10*h**2 + 12*h + 14. Let t be u(-11). Let i(q) = q**2 - 32*q + 163. Let b be i(6). What is the greatest common factor of t and b?
1
Let u(m) = 5*m - 87. Let r be u(18). Suppose 0 = -d + r, 2*d - 5*d = -2*t + 405. Calculate the highest common factor of t and 23.
23
Let b(l) = -l**3 - 10*l**2 + 55*l - 10. Let p be b(-14). Let y be p/14 - (-48)/(-7)*-2. What is the highest common factor of 70 and y?
14
Suppose -o - 8 - 8 = 0. Let a = o - -14. Let h be 2509/169 + ((-4)/13)/a. What is the highest common factor of 6 and h?
3
Suppose -166 = -4*v - 3*y, -7*v + 9*v - 6*y - 38 = 0. What is the greatest common divisor of 74 and v?
37
Let g(i) = -1424*i + 583. Let b be g(-1). What is the highest common factor of 117 and b?
9
Let v be 1*88/10 + 3426/17130. Let d = -2 - 0. Let c(p) = -2*p**3 - 2*p**2 + 1. Let s be c(d). What is the highest common factor of s and v?
9
Suppose -60*i + 15985 = 14545. Suppose 5 = -5*b + 20. What is the highest common divisor of i and b?
3
Let g(h) = 76*h**2 - 8*h - 7. Let r be g(6). Let m = r + -1729. Calculate the greatest common divisor of m and 56.
56
Suppose 2*b - 6*b = 4*y - 5536, 7 = y. Calculate the highest common divisor of b and 51.
51
Suppose 5*q - 60 = 2*q. Suppose -2*g + 6*g + 3*d - 483 = 0, g + 5*d - 125 = 0. Suppose 18*f - 16*f - g = 0. Calculate the greatest common factor of f and q.
20
Let t be 5508 + (-17 + 3 - ((-4 - 6) + 4)). What is the greatest common factor of t and 44?
44
Suppose 26*a = 28*a + 6, 0 = p + 2*a - 108. What is the greatest common factor of p and 102?
6
Suppose -3*g + 5*y + 687 = 0, -y - 466 = -3*g + 209. What is the highest common factor of 602 and g?
14
Suppose -3*t + 5*n + 277 = 0, -173 = -86*t + 84*t + n. Calculate the greatest common divisor of 180 and t.
12
Let p(g) be the third derivative of 29*g**4/24 - 29*g**3/6 + 43*g**2. Let w be p(2). Calculate the greatest common factor of w and 87.
29
Let g(t) = 242*t - 2124. Let f be g(9). Let z(n) = -n**3 - 11*n**2 + 13*n + 13. Let o be z(-12). Calculate the highest common factor of f and o.
1
Suppose -4*z + 3170 = 3*g, 6*g - 2 = 5*g. Let t = -725 + z. What is the greatest common divisor of 594 and t?
66
Suppose -23068*l = -23093*l + 11025. Calculate the highest common divisor of l and 1176.
147
Suppose -114*h = -117*h + 27. Suppose -h*p + 73 = -143. What is the highest common divisor of 30 and p?
6
Let v = -267 - -271. Suppose 2*a + 38 - 42 = 0, -2*k = v*a - 48. Calculate the highest common divisor of k and 100.
20
Let m be 60 - ((7 - 4) + 1). Suppose -5*v = 2*b + 21, 2*v + 9 = -2*b + b. Let k be (-15)/10*28/b. What is the highest common divisor of k and m?
14
Let b(m) = m**3 - 12*m**2 - 12*m - 9. Let o be b(13). Suppose 0 = -2*f - a + 373, 558 = 7*f - o*f + 3*a. Calculate the greatest common factor of f and 33.
11
Suppose 0 = 17*z - 13013 - 18692. Let q = z + -991. Calculate the greatest common divisor of 38 and q.
38
Let v(g) = -6*g + 3*g + 4*g + 15. Let a be v(-13). Suppose -8 = a*u, 4*q = 2*q + 4*u + 30. Calculate the highest common divisor of 77 and q.
7
Let c(f) = 11 - 5*f - 16 + 0 - f**2. Let w be c(-2). What is the greatest common factor of 5 and w?
1
Let x = -10311 - -10323. What is the greatest common divisor of x and 17004?
12
Let i(c) = -c**3 + c + 1. Let p be i(-2). Suppose -f = 2*f + 2*n + p, 5 = 5*n. Let x(a) = -132*a. Let d be x(f). What is the greatest common factor of d and 44?
44
Let j = -194 - -194. Suppose 4*v + j*b = -b + 112, 5*v - 3*b = 157. What is the greatest common divisor of v and 116?
29
Suppose 5*l = -9*d + 11*d + 161, 8 = 4*d. Calculate the highest common divisor of 1001 and l.
11
Suppose -3*v + 2*s = -45, 2*s = 54*v - 49*v - 67. What is the highest common factor of v and 3377?
11
Let v = -28 + 35. Suppose -1 = -3*q - v. Let d be 1 - q - (0 + -22). Calculate the highest common factor of 5 and d.
5
Let o(c) = -c**3 + 11*c**2 + 10*c + 22. Let q be o(12). Let r be (8 - (-76 - 9))/(q/(-8)). What is the greatest common factor of 12 and r?
12
Let z(u) = 24*u - 46. Let t be z(19). Suppose 0 = -16*k + 102 + t. Suppose -5*g + 6*j = 2*j - 140, -3*j = -15. Calculate the highest common divisor of g and k.
32
Suppose 10*m - 5*m = 25. Suppose 0 = 5*l - m*c - 5, 3*l + 3*c + 2*c = 11. What is the highest common divisor of l and 22?
2
Let l(h) = -26*h + 2127. Let g be l(79). What is the highest common divisor of g and 6497?
73
Let f(b) = -1680*b + 408. Let g be f(0). Calculate the highest common factor of 510 and g.
102
Let m be -8 + 188 - (-3 + 6 + -7). Calculate the greatest common factor of 1196 and m.
92
Suppose -25*q - 8 = -23*q. Let a be 5271/39 + q/26. Calculate the greatest common factor of a and 90.
45
Let d(y) = y - 9*y**2 - y**3 - 5 + 0*y - 14*y. Let j be d(-7). Let q = 27 + j. What is the highest common divisor of q and 15?
15
Suppose -873 + 427 = 185*s - 5626. What is the highest common factor of 748 and s?
4
Let w = -4098 - -4063. Let a = 1 - 2. Let k be (30/25)/(a/w*1). Calculate the highest common divisor of 56 and k.
14
Let r = 7 - 6. Let d be -1*(-15 + -4 + r). Let l be 5/3 + (-6)/(-18). Calculate the greatest common factor of d and l.
2
Let x = 11695 + -11610. What is the highest common factor of 459 and x?
17
Suppose -48*t = -155 - 5605. Let g = -251 - -531. What is the greatest common factor of t and g?
40
Let n 